 (-2)/(r/(-33))*(-8)/6 is divided by 12.
8
Let y be 7696/(-128) - 2/(-16). Calculate the remainder when y/(-2)*(-14)/(-42) is divided by 4.
2
Suppose -l - c = -0 + 6, 4*l - 3*c = 4. Suppose -6*y + 2*y + 52 = 0. Calculate the remainder when ((-98)/(-6))/(l/(-6)) is divided by y.
10
Let j = 758 + -727. What is the remainder when 144 is divided by j?
20
Let f be 1 - (-2 - (1 + -10)). Let b(m) = -8*m - 5*m + 4*m. Calculate the remainder when b(f) is divided by 14.
12
What is the remainder when 48 is divided by ((-1)/(-2))/((-7)/14) - -14?
9
Let k(x) = -3*x**2 + 22*x + 4. Suppose -2*p - 42 = -2*r, -2*r - 3*p + 13 = -44. What is the remainder when r is divided by k(7)?
2
Suppose j + 78 = 2*d + 3*j, -2*j - 58 = -2*d. Calculate the remainder when 2900/22 + 14/77 is divided by d.
30
Suppose -3*z = -6 + 87. Let y = 34 + z. What is the remainder when y is divided by 5?
2
Let d = -368 - -51. Let a(q) = q**3 + 13. What is the remainder when 10/(-45) + d*2/(-18) is divided by a(0)?
9
Let n = 458 + -455. Let d(z) be the third derivative of z**4/24 + 3*z**3/2 + 2*z**2. What is the remainder when 32 is divided by d(n)?
8
Let k = -88 - -82. Calculate the remainder when (-159)/k + 0 + 3/6 is divided by 5.
2
Suppose -3*f - 3 = -0*f. What is the remainder when ((4 - -1)*-4)/f is divided by 7 + (-4 - 54/(-6)) - 5?
6
What is the remainder when ((-2016)/147)/((-5)/35) is divided by 85?
11
Let c(u) = 2*u + 31. Let q(t) = -t**3 - 23*t**2 + t + 30. Let m be q(-23). Calculate the remainder when c(m) is divided by 25.
20
Let z = -21 - -34. Let f(a) = -5*a**3 + a**2 - 2*a + 1. Let b be f(1). Let y = b + 10. What is the remainder when z is divided by y?
3
Calculate the remainder when (-1024)/(-14) - (-7)/(-49) is divided by 7.
3
Let i(l) = l - 4. What is the remainder when 66 is divided by i(18)?
10
Let a(k) = k**3 - 4*k**2 - 4*k - 1. Let d be a(5). What is the remainder when 95 is divided by (5 + 1 - 0)*d?
23
Let j = -45 + -5. Let g = j - -63. Calculate the remainder when 25 is divided by g.
12
Let q(p) be the first derivative of p + 3/2*p**2 + 3 + 2/3*p**3. Calculate the remainder when q(-4) is divided by 8.
5
Calculate the remainder when (-122)/(-1) + (0 - -2) is divided by 6/((-24)/2) + (-559)/(-26).
19
Let b = 65 + -35. Suppose -7 - 19 = -2*g + 2*u, 0 = -3*u + 9. What is the remainder when b is divided by g?
14
Let s(v) = 2*v + 2. Let y = 25 - 18. Calculate the remainder when (-90)/(7/1 + -9) is divided by s(y).
13
What is the remainder when (-1 - 0)/((-112)/11984) is divided by 99?
8
Suppose 0 = 2*o + 2*o + v - 1, o = -4*v - 11. Suppose -3*s + 21 = 3*m, -m - 5*s - o = 12. What is the remainder when 33 is divided by m?
9
Suppose 0 = -2*r + 243 + 159. What is the remainder when r is divided by 70?
61
Let m(u) = -5*u - 10. Let g be m(1). Let y(o) be the first derivative of -o**4/4 - 5*o**3 + 7*o - 2. What is the remainder when 12 is divided by y(g)?
5
Let a = 167 - 9. What is the remainder when a is divided by 32?
30
Calculate the remainder when 72 is divided by (51 - -134)*(-1)/5*-1.
35
Let a = 8 + -7. Suppose f = 5 + a. Suppose -5*x - b = -44, -x - 36 = -f*x + b. What is the remainder when 23 is divided by x?
7
Suppose r - 5*r + 40 = 0. Suppose -4 = 3*x - r, -5*m - 5*x = -35. What is the remainder when m is divided by 3?
2
Suppose -t + 296 = 4*j, 6*j + 2*t + 383 = 11*j. Calculate the remainder when j is divided by 42.
33
Let q(a) = a**3 + 4*a**2 - 15*a - 39. Calculate the remainder when q(-4) is divided by 7.
0
Let l(q) = q + 10. Let y be -2 + 0 + 6 + 0. Let h = 7 + y. Calculate the remainder when h is divided by l(-7).
2
Suppose -3*f - 341 = -5*t, 314 = 3*t + 5*f + 89. Calculate the remainder when 42 is divided by (-14)/t - (-26)/5.
2
Calculate the remainder when 393 is divided by 5 - (4/(-5))/((-6)/(-555)).
77
Suppose -2*p + 82 = -3*j + 227, 192 = 4*j - 3*p. What is the remainder when 813 is divided by j?
48
Suppose -655 = -7*z + 2*z. Let r(x) = 4*x**2 - 14*x + 3. Calculate the remainder when z is divided by r(5).
32
Calculate the remainder when 6/(-4) - 150/(-4) is divided by (-4)/(-10) - (-309)/15.
15
Let g(v) = -v**3 - 8*v**2 + 4*v - 12. Let d = 16 - 13. Suppose 0 = b - 2*w + d, 21 = -4*b + 2*w + 3*w. Calculate the remainder when g(b) is divided by 9.
6
Suppose k = 3*k. Let d = 11 + k. What is the remainder when 2/(-8) + (2 - (-219)/12) is divided by d?
9
Let v(u) = u**2 + 13*u + 126. Let t(l) = l**2 - 5*l - 1. What is the remainder when v(-12) is divided by t(7)?
10
Suppose i = g - 2, 0*i - 3*i = 0. Suppose -5*h = -p + 68, 0*p - 4*p + g*h = -182. Calculate the remainder when 124 is divided by p.
38
Suppose -4*u = -9*u + 445. Suppose 8 = 90*x - u*x. Calculate the remainder when 61 is divided by x.
5
Suppose -12*v + 645 = -339. Calculate the remainder when v is divided by 26.
4
Let v(q) = q**3 - 9*q**2 + 10*q + 4. Let b be v(8). Suppose 5*j + b = 180. Calculate the remainder when j is divided by 9.
5
Suppose 5*i - 38 = -b, 196 = 4*b + i - 13. Calculate the remainder when b is divided by 35.
18
Suppose -2516 = -19*i + 2690. Calculate the remainder when i is divided by 93.
88
Suppose 0 = 5*r - 3*k - 166, -3*k = -6*k + 9. Suppose -5*o + 115 = 4*m - m, 3*o - r = 5*m. What is the remainder when 59 is divided by o?
19
Let u = -2098 - -2164. What is the remainder when u is divided by 54?
12
Suppose 4*m - 8*i + 3*i = 132, -i + 66 = 2*m. Let z = 132 - 42. Suppose -4*j - j = -z. Calculate the remainder when m is divided by j.
15
Let m(l) = 17*l + 1. Suppose -6*p + 3*p = 132. Let k = p - -62. Calculate the remainder when m(2) is divided by k.
17
Let i be 4 - (1 + (2 - -1)). Suppose j - 11 + 1 = i. Let z = 161 - 113. What is the remainder when z is divided by j?
8
Suppose 57*y + 270 = 63*y. What is the remainder when 268 is divided by y?
43
Let s(h) = -20*h + 150. What is the remainder when 484 is divided by s(4)?
64
Suppose 15*j - 187 = 128. Suppose -20 = -4*a - 4*s, a - 5*s - j + 4 = 0. What is the remainder when 46 is divided by a?
4
Suppose -4*g + 0*g + 144 = 0. Suppose -2*d - 51 = -3*o, -o = 2*o + 3*d - 66. Calculate the remainder when g is divided by o.
17
Let z(k) = -16*k + 652. What is the remainder when z(39) is divided by 5 - (0 - 0)/1?
3
Suppose -o = -3*z + 1839 + 1846, 0 = -5*z + 4*o + 6144. Calculate the remainder when z is divided by 10.
8
Suppose -f = -4*n + 45, -3*n + 28 + 2 = 3*f. Suppose 4*l - 200 = -5*u, 3*l = -0*u - 3*u + 150. Let h = -20 + l. Calculate the remainder when h is divided by n.
8
Suppose -62 - 23 = -5*i. Let t be 6/(-39) + 674/(-13). What is the remainder when i is divided by 6/(-4) - t/8?
2
Calculate the remainder when (-4)/3*(-33)/2 is divided by 6.
4
Let h be (-4)/(-5)*115/2. Let b(l) = 22*l + 92. Let y be b(-4). Suppose -4*m + 6 + h = y*v, -25 = -5*m + 5*v. What is the remainder when m is divided by 5?
4
Let l = 41 + -23. Let o = -34 + 85. Calculate the remainder when o is divided by l.
15
Suppose 6*z + 588 = 666. Let l = 157 - 107. What is the remainder when l is divided by z?
11
Suppose -i - 11 = -2*m, 2*m = -2*i - i + 31. Calculate the remainder when 17 is divided by m.
1
Suppose 0*z - 2*z = -48. What is the remainder when z is divided by 16/(-12)*3*1*(-28)/7?
8
Let s be 508*(-1 - 3)/(-16). Let m = s + -118. Calculate the remainder when m is divided by 2.
1
Let n = -15 + 19. Let w(g) = -g**2 + 10*g - 5. Suppose 0 = -4*q + 4*y + 444, -3*y - 111 = -q + 2*y. Calculate the remainder when q is divided by w(n).
16
Suppose 4*s = 2*s - 1008. Let q be (-4)/10 - s/60. Suppose 5*y - 32 = q. What is the remainder when 15 is divided by y?
7
Let q(l) = 2*l**2 + 9. Let d(s) = -s**3 + 13*s**2 + 29*s + 10. Let n be d(15). Calculate the remainder when q(n) is divided by 13.
7
Suppose 0 = -4*q - q - 50. Let v = -4 - q. What is the remainder when ((-4)/(-8))/((-1)/(-34)) is divided by v?
5
Let i(f) = -30*f + 264. Calculate the remainder when i(4) is divided by 29.
28
Suppose 0*z - 14 = -7*z. Suppose 3*o + 4*d = 181, -5*d - 90 = -z*o + 46. Calculate the remainder when o is divided by 13.
11
Suppose 2*t - 10 = 6. Suppose -d + 4*o = d - 4, 4*d + 4*o = -52. Let p = 21 + d. Calculate the remainder when p is divided by t.
5
Let u(b) = -b**2 + 4*b - 4. Let v be u(4). Let c be (15/v)/((-1)/(-4)). What is the remainder when 69 is divided by (-112)/(-6) + 10/c?
